{"id":6002,"date":"2024-09-08T23:17:22","date_gmt":"2024-09-08T21:17:22","guid":{"rendered":"https:\/\/www.cookiecars.fr\/?page_id=6002"},"modified":"2024-09-08T23:17:26","modified_gmt":"2024-09-08T21:17:26","slug":"peugeot-205-xrd","status":"publish","type":"page","link":"https:\/\/www.cookiecars.fr\/index.php\/peugeot-205-xrd\/","title":{"rendered":"Peugeot 205 XRD"},"content":{"rendered":"\n<p><strong>Peugeot 205 XRD export. Petite 205 \u00e0 petit prix.<br>218.000 km. Couleur bleu d&rsquo;Arabie (toit fan\u00e9).<br>Pas de rouille, int\u00e9rieur en bon \u00e9tat.<\/strong><\/p>\n\n\n<div class=\"pgc-sgb-cb wp-block-pgcsimplygalleryblock-slider \" data-gallery-id=\"c7699099\" style=\"min-height:500px\"><div class=\"sgb-preloader\" id=\"pr_c7699099\">\n\t<div class=\"sgb-square\" style=\"background:#d4d4d4\"><\/div>\n\t<div class=\"sgb-square\" style=\"background:#d4d4d4\"><\/div>\n\t<div class=\"sgb-square\" style=\"background:#d4d4d4\"><\/div>\n\t<div class=\"sgb-square\" style=\"background:#d4d4d4\"><\/div><\/div><div class=\"simply-gallery-amp pgc_sgb_slider \" style=\"display: none;\"><div class=\"sgb-gallery\"><div class=\"sgb-item\"><a href=\"https:\/\/www.cookiecars.fr\/?attachment_id=6007\" target=\"_blank\"><img decoding=\"async\" alt=\"\" width=\"300\" height=\"225\" loading=\"lazy\" src=\"https:\/\/www.cookiecars.fr\/wp-content\/uploads\/2024\/09\/WhatsApp-Image-2024-09-07-at-18.01.56-1-300x225.jpeg\" srcset=\"https:\/\/www.cookiecars.fr\/wp-content\/uploads\/2024\/09\/WhatsApp-Image-2024-09-07-at-18.01.56-1-300x225.jpeg 300w,https:\/\/www.cookiecars.fr\/wp-content\/uploads\/2024\/09\/WhatsApp-Image-2024-09-07-at-18.01.56-1-1024x768.jpeg 1024w,https:\/\/www.cookiecars.fr\/wp-content\/uploads\/2024\/09\/WhatsApp-Image-2024-09-07-at-18.01.56-1.jpeg 1280w\" sizes=\"250px\"\/><\/a><\/div><div class=\"sgb-item\"><a href=\"https:\/\/www.cookiecars.fr\/?attachment_id=6008\" target=\"_blank\"><img decoding=\"async\" alt=\"\" width=\"300\" height=\"225\" loading=\"lazy\" src=\"https:\/\/www.cookiecars.fr\/wp-content\/uploads\/2024\/09\/WhatsApp-Image-2024-09-07-at-18.01.56-300x225.jpeg\" srcset=\"https:\/\/www.cookiecars.fr\/wp-content\/uploads\/2024\/09\/WhatsApp-Image-2024-09-07-at-18.01.56-300x225.jpeg 300w,https:\/\/www.cookiecars.fr\/wp-content\/uploads\/2024\/09\/WhatsApp-Image-2024-09-07-at-18.01.56-1024x768.jpeg 1024w,https:\/\/www.cookiecars.fr\/wp-content\/uploads\/2024\/09\/WhatsApp-Image-2024-09-07-at-18.01.56.jpeg 1280w\" sizes=\"250px\"\/><\/a><\/div><div class=\"sgb-item\"><a href=\"https:\/\/www.cookiecars.fr\/?attachment_id=6006\" target=\"_blank\"><img decoding=\"async\" alt=\"\" width=\"300\" height=\"225\" loading=\"lazy\" src=\"https:\/\/www.cookiecars.fr\/wp-content\/uploads\/2024\/09\/WhatsApp-Image-2024-09-07-at-18.01.56-2-300x225.jpeg\" srcset=\"https:\/\/www.cookiecars.fr\/wp-content\/uploads\/2024\/09\/WhatsApp-Image-2024-09-07-at-18.01.56-2-300x225.jpeg 300w,https:\/\/www.cookiecars.fr\/wp-content\/uploads\/2024\/09\/WhatsApp-Image-2024-09-07-at-18.01.56-2-1024x768.jpeg 1024w,https:\/\/www.cookiecars.fr\/wp-content\/uploads\/2024\/09\/WhatsApp-Image-2024-09-07-at-18.01.56-2.jpeg 1280w\" sizes=\"250px\"\/><\/a><\/div><div class=\"sgb-item\"><a href=\"https:\/\/www.cookiecars.fr\/?attachment_id=6005\" target=\"_blank\"><img decoding=\"async\" alt=\"\" width=\"300\" height=\"225\" loading=\"lazy\" src=\"https:\/\/www.cookiecars.fr\/wp-content\/uploads\/2024\/09\/WhatsApp-Image-2024-09-07-at-18.01.56-3-300x225.jpeg\" srcset=\"https:\/\/www.cookiecars.fr\/wp-content\/uploads\/2024\/09\/WhatsApp-Image-2024-09-07-at-18.01.56-3-300x225.jpeg 300w,https:\/\/www.cookiecars.fr\/wp-content\/uploads\/2024\/09\/WhatsApp-Image-2024-09-07-at-18.01.56-3-1024x768.jpeg 1024w,https:\/\/www.cookiecars.fr\/wp-content\/uploads\/2024\/09\/WhatsApp-Image-2024-09-07-at-18.01.56-3.jpeg 1280w\" sizes=\"250px\"\/><\/a><\/div><div class=\"sgb-item\"><a href=\"https:\/\/www.cookiecars.fr\/?attachment_id=6003\" target=\"_blank\"><img decoding=\"async\" alt=\"\" width=\"225\" height=\"300\" loading=\"lazy\" src=\"https:\/\/www.cookiecars.fr\/wp-content\/uploads\/2024\/09\/WhatsApp-Image-2024-09-07-at-18.01.56-5-225x300.jpeg\" srcset=\"https:\/\/www.cookiecars.fr\/wp-content\/uploads\/2024\/09\/WhatsApp-Image-2024-09-07-at-18.01.56-5-225x300.jpeg 225w,https:\/\/www.cookiecars.fr\/wp-content\/uploads\/2024\/09\/WhatsApp-Image-2024-09-07-at-18.01.56-5-768x1024.jpeg 768w,https:\/\/www.cookiecars.fr\/wp-content\/uploads\/2024\/09\/WhatsApp-Image-2024-09-07-at-18.01.56-5.jpeg 960w\" sizes=\"250px\"\/><\/a><\/div><div class=\"sgb-item\"><a href=\"https:\/\/www.cookiecars.fr\/?attachment_id=6004\" target=\"_blank\"><img decoding=\"async\" alt=\"\" width=\"225\" height=\"300\" loading=\"lazy\" src=\"https:\/\/www.cookiecars.fr\/wp-content\/uploads\/2024\/09\/WhatsApp-Image-2024-09-07-at-18.01.56-4-225x300.jpeg\" srcset=\"https:\/\/www.cookiecars.fr\/wp-content\/uploads\/2024\/09\/WhatsApp-Image-2024-09-07-at-18.01.56-4-225x300.jpeg 225w,https:\/\/www.cookiecars.fr\/wp-content\/uploads\/2024\/09\/WhatsApp-Image-2024-09-07-at-18.01.56-4-768x1024.jpeg 768w,https:\/\/www.cookiecars.fr\/wp-content\/uploads\/2024\/09\/WhatsApp-Image-2024-09-07-at-18.01.56-4.jpeg 960w\" sizes=\"250px\"\/><\/a><\/div><\/div><\/div><script type=\"application\/json\" class=\"sgb-data\">{\"sliderMaxHeight\":500,\"sliderAdminWidth\":840,\"collectionColumns\":1,\"galleryType\":\"pgc_sgb_slider\",\"galleryId\":\"c7699099\",\"images\":[{\"id\":6007,\"title\":\"WhatsApp Image 2024-09-07 at 18.01.56 (1)\",\"url\":\"https:\/\/www.cookiecars.fr\/wp-content\/uploads\/2024\/09\/WhatsApp-Image-2024-09-07-at-18.01.56-1.jpeg\",\"link\":\"https:\/\/www.cookiecars.fr\/?attachment_id=6007\",\"alt\":\"\",\"description\":\"\",\"caption\":\"\",\"mime\":\"image\/jpeg\",\"type\":\"image\",\"width\":1280,\"height\":960,\"sizes\":{\"thumbnail\":{\"height\":150,\"width\":150,\"url\":\"https:\/\/www.cookiecars.fr\/wp-content\/uploads\/2024\/09\/WhatsApp-Image-2024-09-07-at-18.01.56-1-150x150.jpeg\",\"orientation\":\"landscape\"},\"medium\":{\"height\":225,\"width\":300,\"url\":\"https:\/\/www.cookiecars.fr\/wp-content\/uploads\/2024\/09\/WhatsApp-Image-2024-09-07-at-18.01.56-1-300x225.jpeg\",\"orientation\":\"landscape\"},\"large\":{\"height\":768,\"width\":1024,\"url\":\"https:\/\/www.cookiecars.fr\/wp-content\/uploads\/2024\/09\/WhatsApp-Image-2024-09-07-at-18.01.56-1-1024x768.jpeg\",\"orientation\":\"landscape\"},\"full\":{\"url\":\"https:\/\/www.cookiecars.fr\/wp-content\/uploads\/2024\/09\/WhatsApp-Image-2024-09-07-at-18.01.56-1.jpeg\",\"height\":960,\"width\":1280,\"orientation\":\"landscape\"}},\"imageMeta\":{\"aperture\":\"0\",\"credit\":\"\",\"camera\":\"\",\"caption\":\"\",\"created_timestamp\":\"0\",\"copyright\":\"\",\"focal_length\":\"0\",\"iso\":\"0\",\"shutter_speed\":\"0\",\"title\":\"\",\"orientation\":\"0\",\"keywords\":[]},\"meta\":false,\"postlink\":\"https:\/\/www.cookiecars.fr\/?attachment_id=6007\"},{\"id\":6008,\"title\":\"WhatsApp Image 2024-09-07 at 18.01.56\",\"url\":\"https:\/\/www.cookiecars.fr\/wp-content\/uploads\/2024\/09\/WhatsApp-Image-2024-09-07-at-18.01.56.jpeg\",\"link\":\"https:\/\/www.cookiecars.fr\/?attachment_id=6008\",\"alt\":\"\",\"description\":\"\",\"caption\":\"\",\"mime\":\"image\/jpeg\",\"type\":\"image\",\"width\":1280,\"height\":960,\"sizes\":{\"thumbnail\":{\"height\":150,\"width\":150,\"url\":\"https:\/\/www.cookiecars.fr\/wp-content\/uploads\/2024\/09\/WhatsApp-Image-2024-09-07-at-18.01.56-150x150.jpeg\",\"orientation\":\"landscape\"},\"medium\":{\"height\":225,\"width\":300,\"url\":\"https:\/\/www.cookiecars.fr\/wp-content\/uploads\/2024\/09\/WhatsApp-Image-2024-09-07-at-18.01.56-300x225.jpeg\",\"orientation\":\"landscape\"},\"large\":{\"height\":768,\"width\":1024,\"url\":\"https:\/\/www.cookiecars.fr\/wp-content\/uploads\/2024\/09\/WhatsApp-Image-2024-09-07-at-18.01.56-1024x768.jpeg\",\"orientation\":\"landscape\"},\"full\":{\"url\":\"https:\/\/www.cookiecars.fr\/wp-content\/uploads\/2024\/09\/WhatsApp-Image-2024-09-07-at-18.01.56.jpeg\",\"height\":960,\"width\":1280,\"orientation\":\"landscape\"}},\"imageMeta\":{\"aperture\":\"0\",\"credit\":\"\",\"camera\":\"\",\"caption\":\"\",\"created_timestamp\":\"0\",\"copyright\":\"\",\"focal_length\":\"0\",\"iso\":\"0\",\"shutter_speed\":\"0\",\"title\":\"\",\"orientation\":\"0\",\"keywords\":[]},\"meta\":false,\"postlink\":\"https:\/\/www.cookiecars.fr\/?attachment_id=6008\"},{\"id\":6006,\"title\":\"WhatsApp Image 2024-09-07 at 18.01.56 (2)\",\"url\":\"https:\/\/www.cookiecars.fr\/wp-content\/uploads\/2024\/09\/WhatsApp-Image-2024-09-07-at-18.01.56-2.jpeg\",\"link\":\"https:\/\/www.cookiecars.fr\/?attachment_id=6006\",\"alt\":\"\",\"description\":\"\",\"caption\":\"\",\"mime\":\"image\/jpeg\",\"type\":\"image\",\"width\":1280,\"height\":960,\"sizes\":{\"thumbnail\":{\"height\":150,\"width\":150,\"url\":\"https:\/\/www.cookiecars.fr\/wp-content\/uploads\/2024\/09\/WhatsApp-Image-2024-09-07-at-18.01.56-2-150x150.jpeg\",\"orientation\":\"landscape\"},\"medium\":{\"height\":225,\"width\":300,\"url\":\"https:\/\/www.cookiecars.fr\/wp-content\/uploads\/2024\/09\/WhatsApp-Image-2024-09-07-at-18.01.56-2-300x225.jpeg\",\"orientation\":\"landscape\"},\"large\":{\"height\":768,\"width\":1024,\"url\":\"https:\/\/www.cookiecars.fr\/wp-content\/uploads\/2024\/09\/WhatsApp-Image-2024-09-07-at-18.01.56-2-1024x768.jpeg\",\"orientation\":\"landscape\"},\"full\":{\"url\":\"https:\/\/www.cookiecars.fr\/wp-content\/uploads\/2024\/09\/WhatsApp-Image-2024-09-07-at-18.01.56-2.jpeg\",\"height\":960,\"width\":1280,\"orientation\":\"landscape\"}},\"imageMeta\":{\"aperture\":\"0\",\"credit\":\"\",\"camera\":\"\",\"caption\":\"\",\"created_timestamp\":\"0\",\"copyright\":\"\",\"focal_length\":\"0\",\"iso\":\"0\",\"shutter_speed\":\"0\",\"title\":\"\",\"orientation\":\"0\",\"keywords\":[]},\"meta\":false,\"postlink\":\"https:\/\/www.cookiecars.fr\/?attachment_id=6006\"},{\"id\":6005,\"title\":\"WhatsApp Image 2024-09-07 at 18.01.56 (3)\",\"url\":\"https:\/\/www.cookiecars.fr\/wp-content\/uploads\/2024\/09\/WhatsApp-Image-2024-09-07-at-18.01.56-3.jpeg\",\"link\":\"https:\/\/www.cookiecars.fr\/?attachment_id=6005\",\"alt\":\"\",\"description\":\"\",\"caption\":\"\",\"mime\":\"image\/jpeg\",\"type\":\"image\",\"width\":1280,\"height\":960,\"sizes\":{\"thumbnail\":{\"height\":150,\"width\":150,\"url\":\"https:\/\/www.cookiecars.fr\/wp-content\/uploads\/2024\/09\/WhatsApp-Image-2024-09-07-at-18.01.56-3-150x150.jpeg\",\"orientation\":\"landscape\"},\"medium\":{\"height\":225,\"width\":300,\"url\":\"https:\/\/www.cookiecars.fr\/wp-content\/uploads\/2024\/09\/WhatsApp-Image-2024-09-07-at-18.01.56-3-300x225.jpeg\",\"orientation\":\"landscape\"},\"large\":{\"height\":768,\"width\":1024,\"url\":\"https:\/\/www.cookiecars.fr\/wp-content\/uploads\/2024\/09\/WhatsApp-Image-2024-09-07-at-18.01.56-3-1024x768.jpeg\",\"orientation\":\"landscape\"},\"full\":{\"url\":\"https:\/\/www.cookiecars.fr\/wp-content\/uploads\/2024\/09\/WhatsApp-Image-2024-09-07-at-18.01.56-3.jpeg\",\"height\":960,\"width\":1280,\"orientation\":\"landscape\"}},\"imageMeta\":{\"aperture\":\"0\",\"credit\":\"\",\"camera\":\"\",\"caption\":\"\",\"created_timestamp\":\"0\",\"copyright\":\"\",\"focal_length\":\"0\",\"iso\":\"0\",\"shutter_speed\":\"0\",\"title\":\"\",\"orientation\":\"0\",\"keywords\":[]},\"meta\":false,\"postlink\":\"https:\/\/www.cookiecars.fr\/?attachment_id=6005\"},{\"id\":6003,\"title\":\"WhatsApp Image 2024-09-07 at 18.01.56 (5)\",\"url\":\"https:\/\/www.cookiecars.fr\/wp-content\/uploads\/2024\/09\/WhatsApp-Image-2024-09-07-at-18.01.56-5.jpeg\",\"link\":\"https:\/\/www.cookiecars.fr\/?attachment_id=6003\",\"alt\":\"\",\"description\":\"\",\"caption\":\"\",\"mime\":\"image\/jpeg\",\"type\":\"image\",\"width\":960,\"height\":1280,\"sizes\":{\"thumbnail\":{\"height\":150,\"width\":150,\"url\":\"https:\/\/www.cookiecars.fr\/wp-content\/uploads\/2024\/09\/WhatsApp-Image-2024-09-07-at-18.01.56-5-150x150.jpeg\",\"orientation\":\"landscape\"},\"medium\":{\"height\":300,\"width\":225,\"url\":\"https:\/\/www.cookiecars.fr\/wp-content\/uploads\/2024\/09\/WhatsApp-Image-2024-09-07-at-18.01.56-5-225x300.jpeg\",\"orientation\":\"portrait\"},\"large\":{\"height\":1024,\"width\":768,\"url\":\"https:\/\/www.cookiecars.fr\/wp-content\/uploads\/2024\/09\/WhatsApp-Image-2024-09-07-at-18.01.56-5-768x1024.jpeg\",\"orientation\":\"portrait\"},\"full\":{\"url\":\"https:\/\/www.cookiecars.fr\/wp-content\/uploads\/2024\/09\/WhatsApp-Image-2024-09-07-at-18.01.56-5.jpeg\",\"height\":1280,\"width\":960,\"orientation\":\"portrait\"}},\"imageMeta\":{\"aperture\":\"0\",\"credit\":\"\",\"camera\":\"\",\"caption\":\"\",\"created_timestamp\":\"0\",\"copyright\":\"\",\"focal_length\":\"0\",\"iso\":\"0\",\"shutter_speed\":\"0\",\"title\":\"\",\"orientation\":\"0\",\"keywords\":[]},\"meta\":false,\"postlink\":\"https:\/\/www.cookiecars.fr\/?attachment_id=6003\"},{\"id\":6004,\"title\":\"WhatsApp Image 2024-09-07 at 18.01.56 (4)\",\"url\":\"https:\/\/www.cookiecars.fr\/wp-content\/uploads\/2024\/09\/WhatsApp-Image-2024-09-07-at-18.01.56-4.jpeg\",\"link\":\"https:\/\/www.cookiecars.fr\/?attachment_id=6004\",\"alt\":\"\",\"description\":\"\",\"caption\":\"\",\"mime\":\"image\/jpeg\",\"type\":\"image\",\"width\":960,\"height\":1280,\"sizes\":{\"thumbnail\":{\"height\":150,\"width\":150,\"url\":\"https:\/\/www.cookiecars.fr\/wp-content\/uploads\/2024\/09\/WhatsApp-Image-2024-09-07-at-18.01.56-4-150x150.jpeg\",\"orientation\":\"landscape\"},\"medium\":{\"height\":300,\"width\":225,\"url\":\"https:\/\/www.cookiecars.fr\/wp-content\/uploads\/2024\/09\/WhatsApp-Image-2024-09-07-at-18.01.56-4-225x300.jpeg\",\"orientation\":\"portrait\"},\"large\":{\"height\":1024,\"width\":768,\"url\":\"https:\/\/www.cookiecars.fr\/wp-content\/uploads\/2024\/09\/WhatsApp-Image-2024-09-07-at-18.01.56-4-768x1024.jpeg\",\"orientation\":\"portrait\"},\"full\":{\"url\":\"https:\/\/www.cookiecars.fr\/wp-content\/uploads\/2024\/09\/WhatsApp-Image-2024-09-07-at-18.01.56-4.jpeg\",\"height\":1280,\"width\":960,\"orientation\":\"portrait\"}},\"imageMeta\":{\"aperture\":\"0\",\"credit\":\"\",\"camera\":\"\",\"caption\":\"\",\"created_timestamp\":\"0\",\"copyright\":\"\",\"focal_length\":\"0\",\"iso\":\"0\",\"shutter_speed\":\"0\",\"title\":\"\",\"orientation\":\"0\",\"keywords\":[]},\"meta\":false,\"postlink\":\"https:\/\/www.cookiecars.fr\/?attachment_id=6004\"}],\"itemsMetaDataCollection\":[]}<\/script><script>(function(){if(window.PGC_SGB && window.PGC_SGB.searcher){window.PGC_SGB.searcher.initBlocks()}})()<\/script><\/div>","protected":false},"excerpt":{"rendered":"<p>Peugeot 205 XRD export. Petite 205 \u00e0 petit prix.218.000 km. Couleur bleu d&rsquo;Arabie (toit fan\u00e9).Pas de rouille, int\u00e9rieur en bon \u00e9tat.<\/p>\n","protected":false},"author":1,"featured_media":0,"parent":0,"menu_order":0,"comment_status":"closed","ping_status":"closed","template":"","meta":{"pgc_sgb_lightbox_settings":"","footnotes":""},"yoast_head":"<!-- This site is optimized with the Yoast SEO plugin v21.8 - https:\/\/yoast.com\/wordpress\/plugins\/seo\/ -->\n<title>Peugeot 205 XRD - Cookiecars<\/title>\n<meta name=\"description\" content=\"Peugeot 205 XRD export. Petite 205 \u00e0 petit prix. Couleur bleu d&#039;Arabie. Pas de rouille, int\u00e9rieur en bon \u00e9tat.\" \/>\n<meta name=\"robots\" content=\"index, follow, max-snippet:-1, max-image-preview:large, max-video-preview:-1\" \/>\n<link rel=\"canonical\" href=\"https:\/\/www.cookiecars.fr\/index.php\/peugeot-205-xrd\/\" \/>\n<meta property=\"og:locale\" content=\"fr_FR\" \/>\n<meta property=\"og:type\" content=\"article\" \/>\n<meta property=\"og:title\" content=\"Peugeot 205 XRD - Cookiecars\" \/>\n<meta property=\"og:description\" content=\"Peugeot 205 XRD export. Petite 205 \u00e0 petit prix. Couleur bleu d&#039;Arabie. Pas de rouille, int\u00e9rieur en bon \u00e9tat.\" \/>\n<meta property=\"og:url\" content=\"https:\/\/www.cookiecars.fr\/index.php\/peugeot-205-xrd\/\" \/>\n<meta property=\"og:site_name\" content=\"Cookiecars\" \/>\n<meta property=\"article:modified_time\" content=\"2024-09-08T21:17:26+00:00\" \/>\n<meta property=\"og:image\" content=\"https:\/\/www.cookiecars.fr\/wp-content\/uploads\/2024\/09\/WhatsApp-Image-2024-09-07-at-18.01.56-1-1024x768.jpeg\" \/>\n<meta name=\"twitter:card\" content=\"summary_large_image\" \/>\n<meta name=\"twitter:label1\" content=\"Dur\u00e9e de lecture estim\u00e9e\" \/>\n\t<meta name=\"twitter:data1\" content=\"2 minutes\" \/>\n<script type=\"application\/ld+json\" class=\"yoast-schema-graph\">{\"@context\":\"https:\/\/schema.org\",\"@graph\":[{\"@type\":\"WebPage\",\"@id\":\"https:\/\/www.cookiecars.fr\/index.php\/peugeot-205-xrd\/\",\"url\":\"https:\/\/www.cookiecars.fr\/index.php\/peugeot-205-xrd\/\",\"name\":\"Peugeot 205 XRD - Cookiecars\",\"isPartOf\":{\"@id\":\"https:\/\/www.cookiecars.fr\/#website\"},\"datePublished\":\"2024-09-08T21:17:22+00:00\",\"dateModified\":\"2024-09-08T21:17:26+00:00\",\"description\":\"Peugeot 205 XRD export. Petite 205 \u00e0 petit prix. Couleur bleu d'Arabie. Pas de rouille, int\u00e9rieur en bon \u00e9tat.\",\"breadcrumb\":{\"@id\":\"https:\/\/www.cookiecars.fr\/index.php\/peugeot-205-xrd\/#breadcrumb\"},\"inLanguage\":\"fr-FR\",\"potentialAction\":[{\"@type\":\"ReadAction\",\"target\":[\"https:\/\/www.cookiecars.fr\/index.php\/peugeot-205-xrd\/\"]}]},{\"@type\":\"BreadcrumbList\",\"@id\":\"https:\/\/www.cookiecars.fr\/index.php\/peugeot-205-xrd\/#breadcrumb\",\"itemListElement\":[{\"@type\":\"ListItem\",\"position\":1,\"name\":\"Accueil\",\"item\":\"https:\/\/www.cookiecars.fr\/\"},{\"@type\":\"ListItem\",\"position\":2,\"name\":\"Peugeot 205 XRD\"}]},{\"@type\":\"WebSite\",\"@id\":\"https:\/\/www.cookiecars.fr\/#website\",\"url\":\"https:\/\/www.cookiecars.fr\/\",\"name\":\"Cookiecars\",\"description\":\"Trouvez votre nouveau projet auto!\",\"publisher\":{\"@id\":\"https:\/\/www.cookiecars.fr\/#organization\"},\"alternateName\":\"Cookie cars\",\"potentialAction\":[{\"@type\":\"SearchAction\",\"target\":{\"@type\":\"EntryPoint\",\"urlTemplate\":\"https:\/\/www.cookiecars.fr\/?s={search_term_string}\"},\"query-input\":\"required name=search_term_string\"}],\"inLanguage\":\"fr-FR\"},{\"@type\":\"Organization\",\"@id\":\"https:\/\/www.cookiecars.fr\/#organization\",\"name\":\"Cookiecars\",\"alternateName\":\"Cookie cars\",\"url\":\"https:\/\/www.cookiecars.fr\/\",\"logo\":{\"@type\":\"ImageObject\",\"inLanguage\":\"fr-FR\",\"@id\":\"https:\/\/www.cookiecars.fr\/#\/schema\/logo\/image\/\",\"url\":\"https:\/\/www.cookiecars.fr\/wp-content\/uploads\/2024\/02\/Cookiecars_Logo2024_2-removebg-preview-1.png\",\"contentUrl\":\"https:\/\/www.cookiecars.fr\/wp-content\/uploads\/2024\/02\/Cookiecars_Logo2024_2-removebg-preview-1.png\",\"width\":592,\"height\":421,\"caption\":\"Cookiecars\"},\"image\":{\"@id\":\"https:\/\/www.cookiecars.fr\/#\/schema\/logo\/image\/\"},\"sameAs\":[\"https:\/\/www.instagram.com\/juliencookiecars\/\"]}]}<\/script>\n<!-- \/ Yoast SEO plugin. -->","yoast_head_json":{"title":"Peugeot 205 XRD - Cookiecars","description":"Peugeot 205 XRD export. Petite 205 \u00e0 petit prix. Couleur bleu d'Arabie. Pas de rouille, int\u00e9rieur en bon \u00e9tat.","robots":{"index":"index","follow":"follow","max-snippet":"max-snippet:-1","max-image-preview":"max-image-preview:large","max-video-preview":"max-video-preview:-1"},"canonical":"https:\/\/www.cookiecars.fr\/index.php\/peugeot-205-xrd\/","og_locale":"fr_FR","og_type":"article","og_title":"Peugeot 205 XRD - Cookiecars","og_description":"Peugeot 205 XRD export. Petite 205 \u00e0 petit prix. Couleur bleu d'Arabie. Pas de rouille, int\u00e9rieur en bon \u00e9tat.","og_url":"https:\/\/www.cookiecars.fr\/index.php\/peugeot-205-xrd\/","og_site_name":"Cookiecars","article_modified_time":"2024-09-08T21:17:26+00:00","og_image":[{"url":"https:\/\/www.cookiecars.fr\/wp-content\/uploads\/2024\/09\/WhatsApp-Image-2024-09-07-at-18.01.56-1-1024x768.jpeg"}],"twitter_card":"summary_large_image","twitter_misc":{"Dur\u00e9e de lecture estim\u00e9e":"2 minutes"},"schema":{"@context":"https:\/\/schema.org","@graph":[{"@type":"WebPage","@id":"https:\/\/www.cookiecars.fr\/index.php\/peugeot-205-xrd\/","url":"https:\/\/www.cookiecars.fr\/index.php\/peugeot-205-xrd\/","name":"Peugeot 205 XRD - Cookiecars","isPartOf":{"@id":"https:\/\/www.cookiecars.fr\/#website"},"datePublished":"2024-09-08T21:17:22+00:00","dateModified":"2024-09-08T21:17:26+00:00","description":"Peugeot 205 XRD export. Petite 205 \u00e0 petit prix. Couleur bleu d'Arabie. Pas de rouille, int\u00e9rieur en bon \u00e9tat.","breadcrumb":{"@id":"https:\/\/www.cookiecars.fr\/index.php\/peugeot-205-xrd\/#breadcrumb"},"inLanguage":"fr-FR","potentialAction":[{"@type":"ReadAction","target":["https:\/\/www.cookiecars.fr\/index.php\/peugeot-205-xrd\/"]}]},{"@type":"BreadcrumbList","@id":"https:\/\/www.cookiecars.fr\/index.php\/peugeot-205-xrd\/#breadcrumb","itemListElement":[{"@type":"ListItem","position":1,"name":"Accueil","item":"https:\/\/www.cookiecars.fr\/"},{"@type":"ListItem","position":2,"name":"Peugeot 205 XRD"}]},{"@type":"WebSite","@id":"https:\/\/www.cookiecars.fr\/#website","url":"https:\/\/www.cookiecars.fr\/","name":"Cookiecars","description":"Trouvez votre nouveau projet auto!","publisher":{"@id":"https:\/\/www.cookiecars.fr\/#organization"},"alternateName":"Cookie cars","potentialAction":[{"@type":"SearchAction","target":{"@type":"EntryPoint","urlTemplate":"https:\/\/www.cookiecars.fr\/?s={search_term_string}"},"query-input":"required name=search_term_string"}],"inLanguage":"fr-FR"},{"@type":"Organization","@id":"https:\/\/www.cookiecars.fr\/#organization","name":"Cookiecars","alternateName":"Cookie cars","url":"https:\/\/www.cookiecars.fr\/","logo":{"@type":"ImageObject","inLanguage":"fr-FR","@id":"https:\/\/www.cookiecars.fr\/#\/schema\/logo\/image\/","url":"https:\/\/www.cookiecars.fr\/wp-content\/uploads\/2024\/02\/Cookiecars_Logo2024_2-removebg-preview-1.png","contentUrl":"https:\/\/www.cookiecars.fr\/wp-content\/uploads\/2024\/02\/Cookiecars_Logo2024_2-removebg-preview-1.png","width":592,"height":421,"caption":"Cookiecars"},"image":{"@id":"https:\/\/www.cookiecars.fr\/#\/schema\/logo\/image\/"},"sameAs":["https:\/\/www.instagram.com\/juliencookiecars\/"]}]}},"jetpack_sharing_enabled":true,"_links":{"self":[{"href":"https:\/\/www.cookiecars.fr\/index.php\/wp-json\/wp\/v2\/pages\/6002"}],"collection":[{"href":"https:\/\/www.cookiecars.fr\/index.php\/wp-json\/wp\/v2\/pages"}],"about":[{"href":"https:\/\/www.cookiecars.fr\/index.php\/wp-json\/wp\/v2\/types\/page"}],"author":[{"embeddable":true,"href":"https:\/\/www.cookiecars.fr\/index.php\/wp-json\/wp\/v2\/users\/1"}],"replies":[{"embeddable":true,"href":"https:\/\/www.cookiecars.fr\/index.php\/wp-json\/wp\/v2\/comments?post=6002"}],"version-history":[{"count":1,"href":"https:\/\/www.cookiecars.fr\/index.php\/wp-json\/wp\/v2\/pages\/6002\/revisions"}],"predecessor-version":[{"id":6009,"href":"https:\/\/www.cookiecars.fr\/index.php\/wp-json\/wp\/v2\/pages\/6002\/revisions\/6009"}],"wp:attachment":[{"href":"https:\/\/www.cookiecars.fr\/index.php\/wp-json\/wp\/v2\/media?parent=6002"}],"curies":[{"name":"wp","href":"https:\/\/api.w.org\/{rel}","templated":true}]}}