{"id":2737,"date":"2023-02-26T21:52:05","date_gmt":"2023-02-26T20:52:05","guid":{"rendered":"https:\/\/www.cookiecars.fr\/?page_id=2737"},"modified":"2023-02-26T21:52:06","modified_gmt":"2023-02-26T20:52:06","slug":"peugeot-205-xs-1-4-injection","status":"publish","type":"page","link":"https:\/\/www.cookiecars.fr\/index.php\/peugeot-205-xs-1-4-injection\/","title":{"rendered":"Peugeot 205\u00a0XS 1.4 Injection"},"content":{"rendered":"\n<p><strong>Peugeot 205 XS 1.4 Injection, excellent \u00e9tat interieur et exterieur. <\/strong><\/p>\n\n\n\n<p><strong>Ann\u00e9e 1991,\u00a0rouge vallelunga avec seulement 148.000 Km., accessoiris\u00e9e avec des llantes d&rsquo;\u00e9poque, une plaque interfeux, un toit ouvrant, des babettes, autoradio d&rsquo;\u00e9poque et volant MOMO. Petit prix. <\/strong><\/p>\n\n\n<div class=\"pgc-sgb-cb wp-block-pgcsimplygalleryblock-slider \" data-gallery-id=\"99d65577\" style=\"min-height:400px\"><div class=\"sgb-preloader\" id=\"pr_99d65577\">\n\t<div class=\"sgb-square\" style=\"background:#d4d4d4\"><\/div>\n\t<div class=\"sgb-square\" style=\"background:#d4d4d4\"><\/div>\n\t<div class=\"sgb-square\" style=\"background:#d4d4d4\"><\/div>\n\t<div class=\"sgb-square\" style=\"background:#d4d4d4\"><\/div><\/div><div class=\"simply-gallery-amp pgc_sgb_slider \" style=\"display: none;\"><div class=\"sgb-gallery\"><div class=\"sgb-item\"><a href=\"https:\/\/www.cookiecars.fr\/?attachment_id=2748\" target=\"_blank\"><img decoding=\"async\" alt=\"\" width=\"300\" height=\"225\" loading=\"lazy\" src=\"https:\/\/www.cookiecars.fr\/wp-content\/uploads\/2023\/02\/Capture7-1-300x225.jpg\" srcset=\"https:\/\/www.cookiecars.fr\/wp-content\/uploads\/2023\/02\/Capture7-1-300x225.jpg 300w,https:\/\/www.cookiecars.fr\/wp-content\/uploads\/2023\/02\/Capture7-1.jpg 908w\" sizes=\"250px\"\/><\/a><\/div><div class=\"sgb-item\"><a href=\"https:\/\/www.cookiecars.fr\/?attachment_id=2747\" target=\"_blank\"><img decoding=\"async\" alt=\"\" width=\"300\" height=\"225\" loading=\"lazy\" src=\"https:\/\/www.cookiecars.fr\/wp-content\/uploads\/2023\/02\/Capture8-300x225.jpg\" srcset=\"https:\/\/www.cookiecars.fr\/wp-content\/uploads\/2023\/02\/Capture8-300x225.jpg 300w,https:\/\/www.cookiecars.fr\/wp-content\/uploads\/2023\/02\/Capture8.jpg 906w\" sizes=\"250px\"\/><\/a><\/div><div class=\"sgb-item\"><a href=\"https:\/\/www.cookiecars.fr\/?attachment_id=2754\" target=\"_blank\"><img decoding=\"async\" alt=\"\" width=\"300\" height=\"225\" loading=\"lazy\" src=\"https:\/\/www.cookiecars.fr\/wp-content\/uploads\/2023\/02\/Capture1-1-300x225.jpg\" srcset=\"https:\/\/www.cookiecars.fr\/wp-content\/uploads\/2023\/02\/Capture1-1-300x225.jpg 300w,https:\/\/www.cookiecars.fr\/wp-content\/uploads\/2023\/02\/Capture1-1.jpg 906w\" sizes=\"250px\"\/><\/a><\/div><div class=\"sgb-item\"><a href=\"https:\/\/www.cookiecars.fr\/?attachment_id=2753\" target=\"_blank\"><img decoding=\"async\" alt=\"\" width=\"227\" height=\"300\" loading=\"lazy\" src=\"https:\/\/www.cookiecars.fr\/wp-content\/uploads\/2023\/02\/Capture2-1-227x300.jpg\" srcset=\"https:\/\/www.cookiecars.fr\/wp-content\/uploads\/2023\/02\/Capture2-1-227x300.jpg 227w,https:\/\/www.cookiecars.fr\/wp-content\/uploads\/2023\/02\/Capture2-1.jpg 509w\" sizes=\"250px\"\/><\/a><\/div><div class=\"sgb-item\"><a href=\"https:\/\/www.cookiecars.fr\/?attachment_id=2750\" target=\"_blank\"><img decoding=\"async\" alt=\"\" width=\"300\" height=\"223\" loading=\"lazy\" src=\"https:\/\/www.cookiecars.fr\/wp-content\/uploads\/2023\/02\/Capture5-1-300x223.jpg\" srcset=\"https:\/\/www.cookiecars.fr\/wp-content\/uploads\/2023\/02\/Capture5-1-300x223.jpg 300w,https:\/\/www.cookiecars.fr\/wp-content\/uploads\/2023\/02\/Capture5-1.jpg 906w\" sizes=\"250px\"\/><\/a><\/div><div class=\"sgb-item\"><a href=\"https:\/\/www.cookiecars.fr\/?attachment_id=2752\" target=\"_blank\"><img decoding=\"async\" alt=\"\" width=\"300\" height=\"246\" loading=\"lazy\" src=\"https:\/\/www.cookiecars.fr\/wp-content\/uploads\/2023\/02\/Capture3-1-300x246.jpg\" srcset=\"https:\/\/www.cookiecars.fr\/wp-content\/uploads\/2023\/02\/Capture3-1-300x246.jpg 300w,https:\/\/www.cookiecars.fr\/wp-content\/uploads\/2023\/02\/Capture3-1.jpg 829w\" sizes=\"250px\"\/><\/a><\/div><div class=\"sgb-item\"><a href=\"https:\/\/www.cookiecars.fr\/?attachment_id=2751\" target=\"_blank\"><img decoding=\"async\" alt=\"\" width=\"300\" height=\"223\" loading=\"lazy\" src=\"https:\/\/www.cookiecars.fr\/wp-content\/uploads\/2023\/02\/Capture4-1-300x223.jpg\" srcset=\"https:\/\/www.cookiecars.fr\/wp-content\/uploads\/2023\/02\/Capture4-1-300x223.jpg 300w,https:\/\/www.cookiecars.fr\/wp-content\/uploads\/2023\/02\/Capture4-1.jpg 906w\" sizes=\"250px\"\/><\/a><\/div><div class=\"sgb-item\"><a href=\"https:\/\/www.cookiecars.fr\/?attachment_id=2749\" target=\"_blank\"><img decoding=\"async\" alt=\"\" width=\"300\" height=\"224\" loading=\"lazy\" src=\"https:\/\/www.cookiecars.fr\/wp-content\/uploads\/2023\/02\/Capture6-1-300x224.jpg\" srcset=\"https:\/\/www.cookiecars.fr\/wp-content\/uploads\/2023\/02\/Capture6-1-300x224.jpg 300w,https:\/\/www.cookiecars.fr\/wp-content\/uploads\/2023\/02\/Capture6-1.jpg 909w\" sizes=\"250px\"\/><\/a><\/div><div class=\"sgb-item\"><a href=\"https:\/\/www.cookiecars.fr\/?attachment_id=2746\" target=\"_blank\"><img decoding=\"async\" alt=\"\" width=\"300\" height=\"225\" loading=\"lazy\" src=\"https:\/\/www.cookiecars.fr\/wp-content\/uploads\/2023\/02\/Capture9-300x225.jpg\" srcset=\"https:\/\/www.cookiecars.fr\/wp-content\/uploads\/2023\/02\/Capture9-300x225.jpg 300w,https:\/\/www.cookiecars.fr\/wp-content\/uploads\/2023\/02\/Capture9.jpg 909w\" sizes=\"250px\"\/><\/a><\/div><div class=\"sgb-item\"><a href=\"https:\/\/www.cookiecars.fr\/?attachment_id=2755\" target=\"_blank\"><img decoding=\"async\" alt=\"\" width=\"300\" height=\"225\" loading=\"lazy\" src=\"https:\/\/www.cookiecars.fr\/wp-content\/uploads\/2023\/02\/Capture10-300x225.jpg\" srcset=\"https:\/\/www.cookiecars.fr\/wp-content\/uploads\/2023\/02\/Capture10-300x225.jpg 300w,https:\/\/www.cookiecars.fr\/wp-content\/uploads\/2023\/02\/Capture10.jpg 905w\" sizes=\"250px\"\/><\/a><\/div><\/div><\/div><script type=\"application\/json\" class=\"sgb-data\">{\"sliderAdminWidth\":840,\"collectionColumns\":2,\"galleryType\":\"pgc_sgb_slider\",\"galleryId\":\"99d65577\",\"images\":[{\"id\":2748,\"title\":\"Capture7\",\"url\":\"https:\/\/www.cookiecars.fr\/wp-content\/uploads\/2023\/02\/Capture7-1.jpg\",\"link\":\"https:\/\/www.cookiecars.fr\/?attachment_id=2748\",\"alt\":\"\",\"description\":\"\",\"caption\":\"\",\"mime\":\"image\/jpeg\",\"type\":\"image\",\"width\":908,\"height\":681,\"sizes\":{\"thumbnail\":{\"height\":150,\"width\":150,\"url\":\"https:\/\/www.cookiecars.fr\/wp-content\/uploads\/2023\/02\/Capture7-1-150x150.jpg\",\"orientation\":\"landscape\"},\"medium\":{\"height\":225,\"width\":300,\"url\":\"https:\/\/www.cookiecars.fr\/wp-content\/uploads\/2023\/02\/Capture7-1-300x225.jpg\",\"orientation\":\"landscape\"},\"full\":{\"url\":\"https:\/\/www.cookiecars.fr\/wp-content\/uploads\/2023\/02\/Capture7-1.jpg\",\"height\":681,\"width\":908,\"orientation\":\"landscape\"}},\"meta\":false,\"postlink\":\"https:\/\/www.cookiecars.fr\/?attachment_id=2748\"},{\"id\":2747,\"title\":\"Capture8\",\"url\":\"https:\/\/www.cookiecars.fr\/wp-content\/uploads\/2023\/02\/Capture8.jpg\",\"link\":\"https:\/\/www.cookiecars.fr\/?attachment_id=2747\",\"alt\":\"\",\"description\":\"\",\"caption\":\"\",\"mime\":\"image\/jpeg\",\"type\":\"image\",\"width\":906,\"height\":679,\"sizes\":{\"thumbnail\":{\"height\":150,\"width\":150,\"url\":\"https:\/\/www.cookiecars.fr\/wp-content\/uploads\/2023\/02\/Capture8-150x150.jpg\",\"orientation\":\"landscape\"},\"medium\":{\"height\":225,\"width\":300,\"url\":\"https:\/\/www.cookiecars.fr\/wp-content\/uploads\/2023\/02\/Capture8-300x225.jpg\",\"orientation\":\"landscape\"},\"full\":{\"url\":\"https:\/\/www.cookiecars.fr\/wp-content\/uploads\/2023\/02\/Capture8.jpg\",\"height\":679,\"width\":906,\"orientation\":\"landscape\"}},\"meta\":false,\"postlink\":\"https:\/\/www.cookiecars.fr\/?attachment_id=2747\"},{\"id\":2754,\"title\":\"Capture1\",\"url\":\"https:\/\/www.cookiecars.fr\/wp-content\/uploads\/2023\/02\/Capture1-1.jpg\",\"link\":\"https:\/\/www.cookiecars.fr\/?attachment_id=2754\",\"alt\":\"\",\"description\":\"\",\"caption\":\"\",\"mime\":\"image\/jpeg\",\"type\":\"image\",\"width\":906,\"height\":680,\"sizes\":{\"thumbnail\":{\"height\":150,\"width\":150,\"url\":\"https:\/\/www.cookiecars.fr\/wp-content\/uploads\/2023\/02\/Capture1-1-150x150.jpg\",\"orientation\":\"landscape\"},\"medium\":{\"height\":225,\"width\":300,\"url\":\"https:\/\/www.cookiecars.fr\/wp-content\/uploads\/2023\/02\/Capture1-1-300x225.jpg\",\"orientation\":\"landscape\"},\"full\":{\"url\":\"https:\/\/www.cookiecars.fr\/wp-content\/uploads\/2023\/02\/Capture1-1.jpg\",\"height\":680,\"width\":906,\"orientation\":\"landscape\"}},\"meta\":false,\"postlink\":\"https:\/\/www.cookiecars.fr\/?attachment_id=2754\"},{\"id\":2753,\"title\":\"Capture2\",\"url\":\"https:\/\/www.cookiecars.fr\/wp-content\/uploads\/2023\/02\/Capture2-1.jpg\",\"link\":\"https:\/\/www.cookiecars.fr\/?attachment_id=2753\",\"alt\":\"\",\"description\":\"\",\"caption\":\"\",\"mime\":\"image\/jpeg\",\"type\":\"image\",\"width\":509,\"height\":673,\"sizes\":{\"thumbnail\":{\"height\":150,\"width\":150,\"url\":\"https:\/\/www.cookiecars.fr\/wp-content\/uploads\/2023\/02\/Capture2-1-150x150.jpg\",\"orientation\":\"landscape\"},\"medium\":{\"height\":300,\"width\":227,\"url\":\"https:\/\/www.cookiecars.fr\/wp-content\/uploads\/2023\/02\/Capture2-1-227x300.jpg\",\"orientation\":\"portrait\"},\"full\":{\"url\":\"https:\/\/www.cookiecars.fr\/wp-content\/uploads\/2023\/02\/Capture2-1.jpg\",\"height\":673,\"width\":509,\"orientation\":\"portrait\"}},\"meta\":false,\"postlink\":\"https:\/\/www.cookiecars.fr\/?attachment_id=2753\"},{\"id\":2750,\"title\":\"Capture5\",\"url\":\"https:\/\/www.cookiecars.fr\/wp-content\/uploads\/2023\/02\/Capture5-1.jpg\",\"link\":\"https:\/\/www.cookiecars.fr\/?attachment_id=2750\",\"alt\":\"\",\"description\":\"\",\"caption\":\"\",\"mime\":\"image\/jpeg\",\"type\":\"image\",\"width\":906,\"height\":674,\"sizes\":{\"thumbnail\":{\"height\":150,\"width\":150,\"url\":\"https:\/\/www.cookiecars.fr\/wp-content\/uploads\/2023\/02\/Capture5-1-150x150.jpg\",\"orientation\":\"landscape\"},\"medium\":{\"height\":223,\"width\":300,\"url\":\"https:\/\/www.cookiecars.fr\/wp-content\/uploads\/2023\/02\/Capture5-1-300x223.jpg\",\"orientation\":\"landscape\"},\"full\":{\"url\":\"https:\/\/www.cookiecars.fr\/wp-content\/uploads\/2023\/02\/Capture5-1.jpg\",\"height\":674,\"width\":906,\"orientation\":\"landscape\"}},\"meta\":false,\"postlink\":\"https:\/\/www.cookiecars.fr\/?attachment_id=2750\"},{\"id\":2752,\"title\":\"Capture3\",\"url\":\"https:\/\/www.cookiecars.fr\/wp-content\/uploads\/2023\/02\/Capture3-1.jpg\",\"link\":\"https:\/\/www.cookiecars.fr\/?attachment_id=2752\",\"alt\":\"\",\"description\":\"\",\"caption\":\"\",\"mime\":\"image\/jpeg\",\"type\":\"image\",\"width\":829,\"height\":680,\"sizes\":{\"thumbnail\":{\"height\":150,\"width\":150,\"url\":\"https:\/\/www.cookiecars.fr\/wp-content\/uploads\/2023\/02\/Capture3-1-150x150.jpg\",\"orientation\":\"landscape\"},\"medium\":{\"height\":246,\"width\":300,\"url\":\"https:\/\/www.cookiecars.fr\/wp-content\/uploads\/2023\/02\/Capture3-1-300x246.jpg\",\"orientation\":\"landscape\"},\"full\":{\"url\":\"https:\/\/www.cookiecars.fr\/wp-content\/uploads\/2023\/02\/Capture3-1.jpg\",\"height\":680,\"width\":829,\"orientation\":\"landscape\"}},\"meta\":false,\"postlink\":\"https:\/\/www.cookiecars.fr\/?attachment_id=2752\"},{\"id\":2751,\"title\":\"Capture4\",\"url\":\"https:\/\/www.cookiecars.fr\/wp-content\/uploads\/2023\/02\/Capture4-1.jpg\",\"link\":\"https:\/\/www.cookiecars.fr\/?attachment_id=2751\",\"alt\":\"\",\"description\":\"\",\"caption\":\"\",\"mime\":\"image\/jpeg\",\"type\":\"image\",\"width\":906,\"height\":674,\"sizes\":{\"thumbnail\":{\"height\":150,\"width\":150,\"url\":\"https:\/\/www.cookiecars.fr\/wp-content\/uploads\/2023\/02\/Capture4-1-150x150.jpg\",\"orientation\":\"landscape\"},\"medium\":{\"height\":223,\"width\":300,\"url\":\"https:\/\/www.cookiecars.fr\/wp-content\/uploads\/2023\/02\/Capture4-1-300x223.jpg\",\"orientation\":\"landscape\"},\"full\":{\"url\":\"https:\/\/www.cookiecars.fr\/wp-content\/uploads\/2023\/02\/Capture4-1.jpg\",\"height\":674,\"width\":906,\"orientation\":\"landscape\"}},\"meta\":false,\"postlink\":\"https:\/\/www.cookiecars.fr\/?attachment_id=2751\"},{\"id\":2749,\"title\":\"Capture6\",\"url\":\"https:\/\/www.cookiecars.fr\/wp-content\/uploads\/2023\/02\/Capture6-1.jpg\",\"link\":\"https:\/\/www.cookiecars.fr\/?attachment_id=2749\",\"alt\":\"\",\"description\":\"\",\"caption\":\"\",\"mime\":\"image\/jpeg\",\"type\":\"image\",\"width\":909,\"height\":680,\"sizes\":{\"thumbnail\":{\"height\":150,\"width\":150,\"url\":\"https:\/\/www.cookiecars.fr\/wp-content\/uploads\/2023\/02\/Capture6-1-150x150.jpg\",\"orientation\":\"landscape\"},\"medium\":{\"height\":224,\"width\":300,\"url\":\"https:\/\/www.cookiecars.fr\/wp-content\/uploads\/2023\/02\/Capture6-1-300x224.jpg\",\"orientation\":\"landscape\"},\"full\":{\"url\":\"https:\/\/www.cookiecars.fr\/wp-content\/uploads\/2023\/02\/Capture6-1.jpg\",\"height\":680,\"width\":909,\"orientation\":\"landscape\"}},\"meta\":false,\"postlink\":\"https:\/\/www.cookiecars.fr\/?attachment_id=2749\"},{\"id\":2746,\"title\":\"Capture9\",\"url\":\"https:\/\/www.cookiecars.fr\/wp-content\/uploads\/2023\/02\/Capture9.jpg\",\"link\":\"https:\/\/www.cookiecars.fr\/?attachment_id=2746\",\"alt\":\"\",\"description\":\"\",\"caption\":\"\",\"mime\":\"image\/jpeg\",\"type\":\"image\",\"width\":909,\"height\":681,\"sizes\":{\"thumbnail\":{\"height\":150,\"width\":150,\"url\":\"https:\/\/www.cookiecars.fr\/wp-content\/uploads\/2023\/02\/Capture9-150x150.jpg\",\"orientation\":\"landscape\"},\"medium\":{\"height\":225,\"width\":300,\"url\":\"https:\/\/www.cookiecars.fr\/wp-content\/uploads\/2023\/02\/Capture9-300x225.jpg\",\"orientation\":\"landscape\"},\"full\":{\"url\":\"https:\/\/www.cookiecars.fr\/wp-content\/uploads\/2023\/02\/Capture9.jpg\",\"height\":681,\"width\":909,\"orientation\":\"landscape\"}},\"meta\":false,\"postlink\":\"https:\/\/www.cookiecars.fr\/?attachment_id=2746\"},{\"id\":2755,\"title\":\"Capture10\",\"url\":\"https:\/\/www.cookiecars.fr\/wp-content\/uploads\/2023\/02\/Capture10.jpg\",\"link\":\"https:\/\/www.cookiecars.fr\/?attachment_id=2755\",\"alt\":\"\",\"description\":\"\",\"caption\":\"\",\"mime\":\"image\/jpeg\",\"type\":\"image\",\"width\":905,\"height\":679,\"sizes\":{\"thumbnail\":{\"height\":150,\"width\":150,\"url\":\"https:\/\/www.cookiecars.fr\/wp-content\/uploads\/2023\/02\/Capture10-150x150.jpg\",\"orientation\":\"landscape\"},\"medium\":{\"height\":225,\"width\":300,\"url\":\"https:\/\/www.cookiecars.fr\/wp-content\/uploads\/2023\/02\/Capture10-300x225.jpg\",\"orientation\":\"landscape\"},\"full\":{\"url\":\"https:\/\/www.cookiecars.fr\/wp-content\/uploads\/2023\/02\/Capture10.jpg\",\"height\":679,\"width\":905,\"orientation\":\"landscape\"}},\"meta\":false,\"postlink\":\"https:\/\/www.cookiecars.fr\/?attachment_id=2755\"}],\"itemsMetaDataCollection\":[]}<\/script><script>(function(){if(window.PGC_SGB && window.PGC_SGB.searcher){window.PGC_SGB.searcher.initBlocks()}})()<\/script><\/div>","protected":false},"excerpt":{"rendered":"<p>Peugeot 205 XS 1.4 Injection, excellent \u00e9tat interieur et exterieur. Ann\u00e9e 1991,\u00a0rouge vallelunga avec seulement 148.000 Km., accessoiris\u00e9e avec des llantes d&rsquo;\u00e9poque, une plaque interfeux, un toit ouvrant, des babettes, autoradio d&rsquo;\u00e9poque et volant MOMO. Petit prix.<\/p>\n","protected":false},"author":1,"featured_media":0,"parent":0,"menu_order":0,"comment_status":"closed","ping_status":"closed","template":"","meta":{"pgc_sgb_lightbox_settings":"","footnotes":""},"yoast_head":"<!-- This site is optimized with the Yoast SEO plugin v21.8 - https:\/\/yoast.com\/wordpress\/plugins\/seo\/ -->\n<title>Peugeot 205\u00a0XS 1.4 Injection - Cookiecars<\/title>\n<meta name=\"description\" content=\"Peugeot 205 XS 1.4, 1991,\u00a0rouge vallelunga,148.000 Km., accessoiris\u00e9e avec des llantes d&#039;\u00e9poque, plaque interfeux, toit ouvrant, des babettes, autoradio d&#039;\u00e9poque et volant MOMO.\" \/>\n<meta name=\"robots\" content=\"index, follow, max-snippet:-1, max-image-preview:large, max-video-preview:-1\" \/>\n<link rel=\"canonical\" href=\"https:\/\/www.cookiecars.fr\/index.php\/peugeot-205-xs-1-4-injection\/\" \/>\n<meta property=\"og:locale\" content=\"fr_FR\" \/>\n<meta property=\"og:type\" content=\"article\" \/>\n<meta property=\"og:title\" content=\"Peugeot 205\u00a0XS 1.4 Injection - Cookiecars\" \/>\n<meta property=\"og:description\" content=\"Peugeot 205 XS 1.4, 1991,\u00a0rouge vallelunga,148.000 Km., accessoiris\u00e9e avec des llantes d&#039;\u00e9poque, plaque interfeux, toit ouvrant, des babettes, autoradio d&#039;\u00e9poque et volant MOMO.\" \/>\n<meta property=\"og:url\" content=\"https:\/\/www.cookiecars.fr\/index.php\/peugeot-205-xs-1-4-injection\/\" \/>\n<meta property=\"og:site_name\" content=\"Cookiecars\" \/>\n<meta property=\"article:modified_time\" content=\"2023-02-26T20:52:06+00:00\" \/>\n<meta property=\"og:image\" content=\"https:\/\/www.cookiecars.fr\/wp-content\/uploads\/2023\/02\/Capture7-1.jpg\" \/>\n<meta name=\"twitter:card\" content=\"summary_large_image\" \/>\n<meta name=\"twitter:label1\" content=\"Dur\u00e9e de lecture estim\u00e9e\" \/>\n\t<meta name=\"twitter:data1\" content=\"3 minutes\" \/>\n<script type=\"application\/ld+json\" class=\"yoast-schema-graph\">{\"@context\":\"https:\/\/schema.org\",\"@graph\":[{\"@type\":\"WebPage\",\"@id\":\"https:\/\/www.cookiecars.fr\/index.php\/peugeot-205-xs-1-4-injection\/\",\"url\":\"https:\/\/www.cookiecars.fr\/index.php\/peugeot-205-xs-1-4-injection\/\",\"name\":\"Peugeot 205\u00a0XS 1.4 Injection - Cookiecars\",\"isPartOf\":{\"@id\":\"https:\/\/www.cookiecars.fr\/#website\"},\"datePublished\":\"2023-02-26T20:52:05+00:00\",\"dateModified\":\"2023-02-26T20:52:06+00:00\",\"description\":\"Peugeot 205 XS 1.4, 1991,\u00a0rouge vallelunga,148.000 Km., accessoiris\u00e9e avec des llantes d'\u00e9poque, plaque interfeux, toit ouvrant, des babettes, autoradio d'\u00e9poque et volant MOMO.\",\"breadcrumb\":{\"@id\":\"https:\/\/www.cookiecars.fr\/index.php\/peugeot-205-xs-1-4-injection\/#breadcrumb\"},\"inLanguage\":\"fr-FR\",\"potentialAction\":[{\"@type\":\"ReadAction\",\"target\":[\"https:\/\/www.cookiecars.fr\/index.php\/peugeot-205-xs-1-4-injection\/\"]}]},{\"@type\":\"BreadcrumbList\",\"@id\":\"https:\/\/www.cookiecars.fr\/index.php\/peugeot-205-xs-1-4-injection\/#breadcrumb\",\"itemListElement\":[{\"@type\":\"ListItem\",\"position\":1,\"name\":\"Accueil\",\"item\":\"https:\/\/www.cookiecars.fr\/\"},{\"@type\":\"ListItem\",\"position\":2,\"name\":\"Peugeot 205\u00a0XS 1.4 Injection\"}]},{\"@type\":\"WebSite\",\"@id\":\"https:\/\/www.cookiecars.fr\/#website\",\"url\":\"https:\/\/www.cookiecars.fr\/\",\"name\":\"Cookiecars\",\"description\":\"Trouvez votre nouveau projet auto!\",\"publisher\":{\"@id\":\"https:\/\/www.cookiecars.fr\/#organization\"},\"alternateName\":\"Cookie cars\",\"potentialAction\":[{\"@type\":\"SearchAction\",\"target\":{\"@type\":\"EntryPoint\",\"urlTemplate\":\"https:\/\/www.cookiecars.fr\/?s={search_term_string}\"},\"query-input\":\"required name=search_term_string\"}],\"inLanguage\":\"fr-FR\"},{\"@type\":\"Organization\",\"@id\":\"https:\/\/www.cookiecars.fr\/#organization\",\"name\":\"Cookiecars\",\"alternateName\":\"Cookie cars\",\"url\":\"https:\/\/www.cookiecars.fr\/\",\"logo\":{\"@type\":\"ImageObject\",\"inLanguage\":\"fr-FR\",\"@id\":\"https:\/\/www.cookiecars.fr\/#\/schema\/logo\/image\/\",\"url\":\"https:\/\/www.cookiecars.fr\/wp-content\/uploads\/2024\/02\/Cookiecars_Logo2024_2-removebg-preview-1.png\",\"contentUrl\":\"https:\/\/www.cookiecars.fr\/wp-content\/uploads\/2024\/02\/Cookiecars_Logo2024_2-removebg-preview-1.png\",\"width\":592,\"height\":421,\"caption\":\"Cookiecars\"},\"image\":{\"@id\":\"https:\/\/www.cookiecars.fr\/#\/schema\/logo\/image\/\"},\"sameAs\":[\"https:\/\/www.instagram.com\/juliencookiecars\/\"]}]}<\/script>\n<!-- \/ Yoast SEO plugin. -->","yoast_head_json":{"title":"Peugeot 205\u00a0XS 1.4 Injection - Cookiecars","description":"Peugeot 205 XS 1.4, 1991,\u00a0rouge vallelunga,148.000 Km., accessoiris\u00e9e avec des llantes d'\u00e9poque, plaque interfeux, toit ouvrant, des babettes, autoradio d'\u00e9poque et volant MOMO.","robots":{"index":"index","follow":"follow","max-snippet":"max-snippet:-1","max-image-preview":"max-image-preview:large","max-video-preview":"max-video-preview:-1"},"canonical":"https:\/\/www.cookiecars.fr\/index.php\/peugeot-205-xs-1-4-injection\/","og_locale":"fr_FR","og_type":"article","og_title":"Peugeot 205\u00a0XS 1.4 Injection - Cookiecars","og_description":"Peugeot 205 XS 1.4, 1991,\u00a0rouge vallelunga,148.000 Km., accessoiris\u00e9e avec des llantes d'\u00e9poque, plaque interfeux, toit ouvrant, des babettes, autoradio d'\u00e9poque et volant MOMO.","og_url":"https:\/\/www.cookiecars.fr\/index.php\/peugeot-205-xs-1-4-injection\/","og_site_name":"Cookiecars","article_modified_time":"2023-02-26T20:52:06+00:00","og_image":[{"url":"https:\/\/www.cookiecars.fr\/wp-content\/uploads\/2023\/02\/Capture7-1.jpg"}],"twitter_card":"summary_large_image","twitter_misc":{"Dur\u00e9e de lecture estim\u00e9e":"3 minutes"},"schema":{"@context":"https:\/\/schema.org","@graph":[{"@type":"WebPage","@id":"https:\/\/www.cookiecars.fr\/index.php\/peugeot-205-xs-1-4-injection\/","url":"https:\/\/www.cookiecars.fr\/index.php\/peugeot-205-xs-1-4-injection\/","name":"Peugeot 205\u00a0XS 1.4 Injection - Cookiecars","isPartOf":{"@id":"https:\/\/www.cookiecars.fr\/#website"},"datePublished":"2023-02-26T20:52:05+00:00","dateModified":"2023-02-26T20:52:06+00:00","description":"Peugeot 205 XS 1.4, 1991,\u00a0rouge vallelunga,148.000 Km., accessoiris\u00e9e avec des llantes d'\u00e9poque, plaque interfeux, toit ouvrant, des babettes, autoradio d'\u00e9poque et volant MOMO.","breadcrumb":{"@id":"https:\/\/www.cookiecars.fr\/index.php\/peugeot-205-xs-1-4-injection\/#breadcrumb"},"inLanguage":"fr-FR","potentialAction":[{"@type":"ReadAction","target":["https:\/\/www.cookiecars.fr\/index.php\/peugeot-205-xs-1-4-injection\/"]}]},{"@type":"BreadcrumbList","@id":"https:\/\/www.cookiecars.fr\/index.php\/peugeot-205-xs-1-4-injection\/#breadcrumb","itemListElement":[{"@type":"ListItem","position":1,"name":"Accueil","item":"https:\/\/www.cookiecars.fr\/"},{"@type":"ListItem","position":2,"name":"Peugeot 205\u00a0XS 1.4 Injection"}]},{"@type":"WebSite","@id":"https:\/\/www.cookiecars.fr\/#website","url":"https:\/\/www.cookiecars.fr\/","name":"Cookiecars","description":"Trouvez votre nouveau projet auto!","publisher":{"@id":"https:\/\/www.cookiecars.fr\/#organization"},"alternateName":"Cookie cars","potentialAction":[{"@type":"SearchAction","target":{"@type":"EntryPoint","urlTemplate":"https:\/\/www.cookiecars.fr\/?s={search_term_string}"},"query-input":"required name=search_term_string"}],"inLanguage":"fr-FR"},{"@type":"Organization","@id":"https:\/\/www.cookiecars.fr\/#organization","name":"Cookiecars","alternateName":"Cookie cars","url":"https:\/\/www.cookiecars.fr\/","logo":{"@type":"ImageObject","inLanguage":"fr-FR","@id":"https:\/\/www.cookiecars.fr\/#\/schema\/logo\/image\/","url":"https:\/\/www.cookiecars.fr\/wp-content\/uploads\/2024\/02\/Cookiecars_Logo2024_2-removebg-preview-1.png","contentUrl":"https:\/\/www.cookiecars.fr\/wp-content\/uploads\/2024\/02\/Cookiecars_Logo2024_2-removebg-preview-1.png","width":592,"height":421,"caption":"Cookiecars"},"image":{"@id":"https:\/\/www.cookiecars.fr\/#\/schema\/logo\/image\/"},"sameAs":["https:\/\/www.instagram.com\/juliencookiecars\/"]}]}},"jetpack_sharing_enabled":true,"_links":{"self":[{"href":"https:\/\/www.cookiecars.fr\/index.php\/wp-json\/wp\/v2\/pages\/2737"}],"collection":[{"href":"https:\/\/www.cookiecars.fr\/index.php\/wp-json\/wp\/v2\/pages"}],"about":[{"href":"https:\/\/www.cookiecars.fr\/index.php\/wp-json\/wp\/v2\/types\/page"}],"author":[{"embeddable":true,"href":"https:\/\/www.cookiecars.fr\/index.php\/wp-json\/wp\/v2\/users\/1"}],"replies":[{"embeddable":true,"href":"https:\/\/www.cookiecars.fr\/index.php\/wp-json\/wp\/v2\/comments?post=2737"}],"version-history":[{"count":0,"href":"https:\/\/www.cookiecars.fr\/index.php\/wp-json\/wp\/v2\/pages\/2737\/revisions"}],"wp:attachment":[{"href":"https:\/\/www.cookiecars.fr\/index.php\/wp-json\/wp\/v2\/media?parent=2737"}],"curies":[{"name":"wp","href":"https:\/\/api.w.org\/{rel}","templated":true}]}}