{"id":1009,"date":"2022-05-16T20:19:33","date_gmt":"2022-05-16T18:19:33","guid":{"rendered":"https:\/\/www.cookiecars.fr\/?page_id=1009"},"modified":"2023-01-10T11:39:30","modified_gmt":"2023-01-10T10:39:30","slug":"bmw-318i-e46-berline","status":"publish","type":"page","link":"https:\/\/www.cookiecars.fr\/index.php\/bmw-318i-e46-berline\/","title":{"rendered":"BMW 318i e46 Berline"},"content":{"rendered":"\n<div class=\"wp-block-media-text alignfull has-media-on-the-right is-stacked-on-mobile is-vertically-aligned-top has-black-background-color has-text-color has-background has-link-color wp-elements-b76d98515b8949ccee3b5b9384342e55\" style=\"color:#fffdc7;grid-template-columns:auto 62%\"><div class=\"wp-block-media-text__content\">\n<div class=\"wp-block-group has-link-color wp-elements-ee982788576fdcdcd977618cc27f89bc is-layout-flow wp-block-group-is-layout-flow\" style=\"padding-top:2em;padding-right:2em;padding-bottom:2em;padding-left:2em\"><div class=\"wp-block-group__inner-container\">\n<h2 class=\"has-text-color wp-block-heading\" style=\"color:#777777;font-size:48px;font-weight:700;line-height:1.15\">BMW 318i e46 Berline<\/h2>\n\n\n\n<p>Vehicule \u00e0 renover. Le moteur ne demarre pas. Entretien g\u00e9n\u00e9ral bon. Etat g\u00e9n\u00e9ral bon.<\/p>\n\n\n\n<p>Petit Prix.<\/p>\n<\/div><\/div>\n\n\n\n<figure class=\"wp-block-image size-large is-resized\"><img loading=\"lazy\" decoding=\"async\" src=\"https:\/\/www.cookiecars.fr\/wp-content\/uploads\/2022\/03\/IMG-20220310-WA0007-1024x498.jpg\" alt=\"\" class=\"wp-image-252\" width=\"766\" height=\"372\" srcset=\"https:\/\/www.cookiecars.fr\/wp-content\/uploads\/2022\/03\/IMG-20220310-WA0007-1024x498.jpg 1024w, https:\/\/www.cookiecars.fr\/wp-content\/uploads\/2022\/03\/IMG-20220310-WA0007-600x292.jpg 600w, https:\/\/www.cookiecars.fr\/wp-content\/uploads\/2022\/03\/IMG-20220310-WA0007-300x146.jpg 300w, https:\/\/www.cookiecars.fr\/wp-content\/uploads\/2022\/03\/IMG-20220310-WA0007-768x374.jpg 768w, https:\/\/www.cookiecars.fr\/wp-content\/uploads\/2022\/03\/IMG-20220310-WA0007-1536x747.jpg 1536w, https:\/\/www.cookiecars.fr\/wp-content\/uploads\/2022\/03\/IMG-20220310-WA0007-280x136.jpg 280w, https:\/\/www.cookiecars.fr\/wp-content\/uploads\/2022\/03\/IMG-20220310-WA0007.jpg 2048w\" sizes=\"(max-width: 766px) 100vw, 766px\" \/><\/figure>\n<\/div><figure class=\"wp-block-media-text__media\"><img loading=\"lazy\" decoding=\"async\" width=\"952\" height=\"1024\" src=\"https:\/\/www.cookiecars.fr\/wp-content\/uploads\/2022\/05\/IMG-20220310-WA0005-952x1024.jpg\" alt=\"\" class=\"wp-image-1010 size-full\" srcset=\"https:\/\/www.cookiecars.fr\/wp-content\/uploads\/2022\/05\/IMG-20220310-WA0005-952x1024.jpg 952w, https:\/\/www.cookiecars.fr\/wp-content\/uploads\/2022\/05\/IMG-20220310-WA0005-600x646.jpg 600w, https:\/\/www.cookiecars.fr\/wp-content\/uploads\/2022\/05\/IMG-20220310-WA0005-279x300.jpg 279w, https:\/\/www.cookiecars.fr\/wp-content\/uploads\/2022\/05\/IMG-20220310-WA0005-768x827.jpg 768w, https:\/\/www.cookiecars.fr\/wp-content\/uploads\/2022\/05\/IMG-20220310-WA0005-1427x1536.jpg 1427w, https:\/\/www.cookiecars.fr\/wp-content\/uploads\/2022\/05\/IMG-20220310-WA0005-1903x2048.jpg 1903w, https:\/\/www.cookiecars.fr\/wp-content\/uploads\/2022\/05\/IMG-20220310-WA0005-558x600.jpg 558w, https:\/\/www.cookiecars.fr\/wp-content\/uploads\/2022\/05\/IMG-20220310-WA0005-149x160.jpg 149w, https:\/\/www.cookiecars.fr\/wp-content\/uploads\/2022\/05\/IMG-20220310-WA0005.jpg 2048w\" sizes=\"(max-width: 952px) 100vw, 952px\" \/><\/figure><\/div>\n","protected":false},"excerpt":{"rendered":"","protected":false},"author":1,"featured_media":0,"parent":0,"menu_order":0,"comment_status":"closed","ping_status":"closed","template":"","meta":{"pgc_sgb_lightbox_settings":"","footnotes":""},"yoast_head":"<!-- This site is optimized with the Yoast SEO plugin v21.8 - https:\/\/yoast.com\/wordpress\/plugins\/seo\/ -->\n<title>BMW 318i e46 Berline - Cookiecars<\/title>\n<meta name=\"description\" content=\"BMW 318i e46 Berline. Vehicule \u00e0 renover. Le moteur ne demarre pas. Entretien g\u00e9n\u00e9ral bon. Etat g\u00e9n\u00e9ral bon.\" \/>\n<meta name=\"robots\" content=\"index, follow, max-snippet:-1, max-image-preview:large, max-video-preview:-1\" \/>\n<link rel=\"canonical\" href=\"https:\/\/www.cookiecars.fr\/index.php\/bmw-318i-e46-berline\/\" \/>\n<meta property=\"og:locale\" content=\"fr_FR\" \/>\n<meta property=\"og:type\" content=\"article\" \/>\n<meta property=\"og:title\" content=\"BMW 318i e46 Berline - Cookiecars\" \/>\n<meta property=\"og:description\" content=\"BMW 318i e46 Berline. Vehicule \u00e0 renover. Le moteur ne demarre pas. Entretien g\u00e9n\u00e9ral bon. Etat g\u00e9n\u00e9ral bon.\" \/>\n<meta property=\"og:url\" content=\"https:\/\/www.cookiecars.fr\/index.php\/bmw-318i-e46-berline\/\" \/>\n<meta property=\"og:site_name\" content=\"Cookiecars\" \/>\n<meta property=\"article:modified_time\" content=\"2023-01-10T10:39:30+00:00\" \/>\n<meta property=\"og:image\" content=\"https:\/\/www.cookiecars.fr\/wp-content\/uploads\/2022\/03\/IMG-20220310-WA0007-1024x498.jpg\" \/>\n<meta name=\"twitter:card\" content=\"summary_large_image\" \/>\n<meta name=\"twitter:label1\" content=\"Dur\u00e9e de lecture estim\u00e9e\" \/>\n\t<meta name=\"twitter:data1\" content=\"1 minute\" \/>\n<script type=\"application\/ld+json\" class=\"yoast-schema-graph\">{\"@context\":\"https:\/\/schema.org\",\"@graph\":[{\"@type\":\"WebPage\",\"@id\":\"https:\/\/www.cookiecars.fr\/index.php\/bmw-318i-e46-berline\/\",\"url\":\"https:\/\/www.cookiecars.fr\/index.php\/bmw-318i-e46-berline\/\",\"name\":\"BMW 318i e46 Berline - Cookiecars\",\"isPartOf\":{\"@id\":\"https:\/\/www.cookiecars.fr\/#website\"},\"datePublished\":\"2022-05-16T18:19:33+00:00\",\"dateModified\":\"2023-01-10T10:39:30+00:00\",\"description\":\"BMW 318i e46 Berline. Vehicule \u00e0 renover. Le moteur ne demarre pas. Entretien g\u00e9n\u00e9ral bon. Etat g\u00e9n\u00e9ral bon.\",\"breadcrumb\":{\"@id\":\"https:\/\/www.cookiecars.fr\/index.php\/bmw-318i-e46-berline\/#breadcrumb\"},\"inLanguage\":\"fr-FR\",\"potentialAction\":[{\"@type\":\"ReadAction\",\"target\":[\"https:\/\/www.cookiecars.fr\/index.php\/bmw-318i-e46-berline\/\"]}]},{\"@type\":\"BreadcrumbList\",\"@id\":\"https:\/\/www.cookiecars.fr\/index.php\/bmw-318i-e46-berline\/#breadcrumb\",\"itemListElement\":[{\"@type\":\"ListItem\",\"position\":1,\"name\":\"Accueil\",\"item\":\"https:\/\/www.cookiecars.fr\/\"},{\"@type\":\"ListItem\",\"position\":2,\"name\":\"BMW 318i e46 Berline\"}]},{\"@type\":\"WebSite\",\"@id\":\"https:\/\/www.cookiecars.fr\/#website\",\"url\":\"https:\/\/www.cookiecars.fr\/\",\"name\":\"Cookiecars\",\"description\":\"Trouvez votre nouveau projet auto!\",\"publisher\":{\"@id\":\"https:\/\/www.cookiecars.fr\/#organization\"},\"alternateName\":\"Cookie cars\",\"potentialAction\":[{\"@type\":\"SearchAction\",\"target\":{\"@type\":\"EntryPoint\",\"urlTemplate\":\"https:\/\/www.cookiecars.fr\/?s={search_term_string}\"},\"query-input\":\"required name=search_term_string\"}],\"inLanguage\":\"fr-FR\"},{\"@type\":\"Organization\",\"@id\":\"https:\/\/www.cookiecars.fr\/#organization\",\"name\":\"Cookiecars\",\"alternateName\":\"Cookie cars\",\"url\":\"https:\/\/www.cookiecars.fr\/\",\"logo\":{\"@type\":\"ImageObject\",\"inLanguage\":\"fr-FR\",\"@id\":\"https:\/\/www.cookiecars.fr\/#\/schema\/logo\/image\/\",\"url\":\"https:\/\/www.cookiecars.fr\/wp-content\/uploads\/2024\/02\/Cookiecars_Logo2024_2-removebg-preview-1.png\",\"contentUrl\":\"https:\/\/www.cookiecars.fr\/wp-content\/uploads\/2024\/02\/Cookiecars_Logo2024_2-removebg-preview-1.png\",\"width\":592,\"height\":421,\"caption\":\"Cookiecars\"},\"image\":{\"@id\":\"https:\/\/www.cookiecars.fr\/#\/schema\/logo\/image\/\"},\"sameAs\":[\"https:\/\/www.instagram.com\/juliencookiecars\/\"]}]}<\/script>\n<!-- \/ Yoast SEO plugin. -->","yoast_head_json":{"title":"BMW 318i e46 Berline - Cookiecars","description":"BMW 318i e46 Berline. Vehicule \u00e0 renover. Le moteur ne demarre pas. Entretien g\u00e9n\u00e9ral bon. Etat g\u00e9n\u00e9ral bon.","robots":{"index":"index","follow":"follow","max-snippet":"max-snippet:-1","max-image-preview":"max-image-preview:large","max-video-preview":"max-video-preview:-1"},"canonical":"https:\/\/www.cookiecars.fr\/index.php\/bmw-318i-e46-berline\/","og_locale":"fr_FR","og_type":"article","og_title":"BMW 318i e46 Berline - Cookiecars","og_description":"BMW 318i e46 Berline. Vehicule \u00e0 renover. Le moteur ne demarre pas. Entretien g\u00e9n\u00e9ral bon. Etat g\u00e9n\u00e9ral bon.","og_url":"https:\/\/www.cookiecars.fr\/index.php\/bmw-318i-e46-berline\/","og_site_name":"Cookiecars","article_modified_time":"2023-01-10T10:39:30+00:00","og_image":[{"url":"https:\/\/www.cookiecars.fr\/wp-content\/uploads\/2022\/03\/IMG-20220310-WA0007-1024x498.jpg"}],"twitter_card":"summary_large_image","twitter_misc":{"Dur\u00e9e de lecture estim\u00e9e":"1 minute"},"schema":{"@context":"https:\/\/schema.org","@graph":[{"@type":"WebPage","@id":"https:\/\/www.cookiecars.fr\/index.php\/bmw-318i-e46-berline\/","url":"https:\/\/www.cookiecars.fr\/index.php\/bmw-318i-e46-berline\/","name":"BMW 318i e46 Berline - Cookiecars","isPartOf":{"@id":"https:\/\/www.cookiecars.fr\/#website"},"datePublished":"2022-05-16T18:19:33+00:00","dateModified":"2023-01-10T10:39:30+00:00","description":"BMW 318i e46 Berline. Vehicule \u00e0 renover. Le moteur ne demarre pas. Entretien g\u00e9n\u00e9ral bon. Etat g\u00e9n\u00e9ral bon.","breadcrumb":{"@id":"https:\/\/www.cookiecars.fr\/index.php\/bmw-318i-e46-berline\/#breadcrumb"},"inLanguage":"fr-FR","potentialAction":[{"@type":"ReadAction","target":["https:\/\/www.cookiecars.fr\/index.php\/bmw-318i-e46-berline\/"]}]},{"@type":"BreadcrumbList","@id":"https:\/\/www.cookiecars.fr\/index.php\/bmw-318i-e46-berline\/#breadcrumb","itemListElement":[{"@type":"ListItem","position":1,"name":"Accueil","item":"https:\/\/www.cookiecars.fr\/"},{"@type":"ListItem","position":2,"name":"BMW 318i e46 Berline"}]},{"@type":"WebSite","@id":"https:\/\/www.cookiecars.fr\/#website","url":"https:\/\/www.cookiecars.fr\/","name":"Cookiecars","description":"Trouvez votre nouveau projet auto!","publisher":{"@id":"https:\/\/www.cookiecars.fr\/#organization"},"alternateName":"Cookie cars","potentialAction":[{"@type":"SearchAction","target":{"@type":"EntryPoint","urlTemplate":"https:\/\/www.cookiecars.fr\/?s={search_term_string}"},"query-input":"required name=search_term_string"}],"inLanguage":"fr-FR"},{"@type":"Organization","@id":"https:\/\/www.cookiecars.fr\/#organization","name":"Cookiecars","alternateName":"Cookie cars","url":"https:\/\/www.cookiecars.fr\/","logo":{"@type":"ImageObject","inLanguage":"fr-FR","@id":"https:\/\/www.cookiecars.fr\/#\/schema\/logo\/image\/","url":"https:\/\/www.cookiecars.fr\/wp-content\/uploads\/2024\/02\/Cookiecars_Logo2024_2-removebg-preview-1.png","contentUrl":"https:\/\/www.cookiecars.fr\/wp-content\/uploads\/2024\/02\/Cookiecars_Logo2024_2-removebg-preview-1.png","width":592,"height":421,"caption":"Cookiecars"},"image":{"@id":"https:\/\/www.cookiecars.fr\/#\/schema\/logo\/image\/"},"sameAs":["https:\/\/www.instagram.com\/juliencookiecars\/"]}]}},"jetpack_sharing_enabled":true,"_links":{"self":[{"href":"https:\/\/www.cookiecars.fr\/index.php\/wp-json\/wp\/v2\/pages\/1009"}],"collection":[{"href":"https:\/\/www.cookiecars.fr\/index.php\/wp-json\/wp\/v2\/pages"}],"about":[{"href":"https:\/\/www.cookiecars.fr\/index.php\/wp-json\/wp\/v2\/types\/page"}],"author":[{"embeddable":true,"href":"https:\/\/www.cookiecars.fr\/index.php\/wp-json\/wp\/v2\/users\/1"}],"replies":[{"embeddable":true,"href":"https:\/\/www.cookiecars.fr\/index.php\/wp-json\/wp\/v2\/comments?post=1009"}],"version-history":[{"count":0,"href":"https:\/\/www.cookiecars.fr\/index.php\/wp-json\/wp\/v2\/pages\/1009\/revisions"}],"wp:attachment":[{"href":"https:\/\/www.cookiecars.fr\/index.php\/wp-json\/wp\/v2\/media?parent=1009"}],"curies":[{"name":"wp","href":"https:\/\/api.w.org\/{rel}","templated":true}]}}